{"batchcomplete":"","continue":{"lecontinue":"20250729203348|8930","continue":"-||"},"query":{"logevents":[{"logid":8940,"ns":100,"title":"Blog:Backspace blog/Tag des offenen Hackerspaces 2026","pageid":2579,"logpage":2579,"revid":11841,"params":{},"type":"create","action":"create","user":"Festi","timestamp":"2026-03-27T19:30:01Z","comment":"Die Seite wurde neu angelegt: \u201eAm Samstag, den 28. M\u00e4rz, \u00f6ffnet der Bamberger Hackspace \u201ebackspace e. V.\u201c von 13:37 bis mindestens 20:00 Uhr seine T\u00fcren im Spiegelgraben 41. Dabei besteht die M\u00f6glichkeit, die R\u00e4umlichkeiten und Aktionen des Hackspaces kennenzulernen. Neben 3D-Druck und Lasercutting stellt der backspace dort eigene Projekte vor und bietet Workshops zum L\u00f6ten und Programmieren von Mikrocontrollern an. Zus\u00e4tzlich k\u00f6nnen Virtual-Reality- und Retro-Spiele auspro\u2026\u201c"},{"logid":8939,"ns":0,"title":"Plenum:2025-11-02","pageid":2578,"logpage":2578,"revid":11840,"params":{},"type":"create","action":"create","user":"Festi","timestamp":"2026-02-09T18:23:29Z","comment":"Die Seite wurde neu angelegt: \u201e* Anwesende Personen: 11 * Beginn: ca. 20:01 Uhr * Ende: Uhr * Protokoll: henning * Moderation: p.t.flea  ==== Themen ==== * Lost and Found Rotation ** Keine z\u2026\u201c"},{"logid":8938,"ns":0,"title":"Plenum:2025-12-07","pageid":2577,"logpage":2577,"revid":11839,"params":{},"type":"create","action":"create","user":"Festi","timestamp":"2026-02-09T18:18:21Z","comment":"Die Seite wurde neu angelegt: \u201e* Anwesende Personen: 14 * Beginn: ca. 20:00 Uhr * Ende: 20:45 Uhr * Protokoll: Mot * Moderation: ffesti  ==== Themen ==== * Lost and Found Rotation * Junghack\u2026\u201c"},{"logid":8937,"ns":0,"title":"Plenum:2026-01-05","pageid":2576,"logpage":2576,"revid":11838,"params":{},"type":"create","action":"create","user":"Festi","timestamp":"2026-02-09T18:15:23Z","comment":"Die Seite wurde neu angelegt: \u201e* Anwesende Personen: 8 + 2 remote * Beginn: ca. 19:43 Uhr * Ende: 20:49 Uhr * Protokoll: ANilpferd * Moderation: DER!Jonas  ==== Themen ==== * Lost and Found\u2026\u201c"},{"logid":8936,"ns":0,"title":"Plenum:2026-02-01","pageid":2575,"logpage":2575,"revid":11837,"params":{},"type":"create","action":"create","user":"Festi","timestamp":"2026-02-09T17:54:52Z","comment":"Die Seite wurde neu angelegt: \u201e* Anwesende Personen: 6, 7 ab ca: 20:10 * Beginn: ca. 19:50 Uhr * Ende: 20:24 Uhr * Protokoll: Mot * Moderation: ffesti  ==== Themen ==== * Junghacker-Tag ** m\u2026\u201c"},{"logid":8935,"ns":0,"title":"Plenum:2025-10-05","pageid":2574,"logpage":2574,"revid":11823,"params":{},"type":"create","action":"create","user":"Festi","timestamp":"2025-10-07T16:57:00Z","comment":"Die Seite wurde neu angelegt: \u201e* Anwesende Personen: 11 * Beginn: ca. 20:05 Uhr * Ende: 21:28 Uhr * Protokoll: Luca * Beginn: ca. 20:05 Uhr * Ende: 21:28 Uhr * Protokoll: Luca * Moderation:\u2026\u201c"},{"logid":8934,"ns":2,"title":"Benutzer:Missi","pageid":0,"logpage":0,"params":{"userid":167},"type":"newusers","action":"autocreate","user":"Missi","timestamp":"2025-10-05T21:02:41Z","comment":""},{"logid":8933,"ns":0,"title":"Plenum:2025-09-07","pageid":2573,"logpage":2573,"revid":11821,"params":{},"type":"create","action":"create","user":"Festi","timestamp":"2025-10-03T19:05:18Z","comment":"Die Seite wurde neu angelegt: \u201e* Anwesende Personen: 7 * Beginn: ca. 20:10 Uhr * Ende: 20:54 Uhr * Protokoll: Luca * Moderation: p.t.flea  ==== Themen ==== * Lost and Found Rotation ** nicht\u2026\u201c"},{"logid":8932,"ns":0,"title":"Plenum:2025-08-03","pageid":2572,"logpage":2572,"revid":11815,"params":{},"type":"create","action":"create","user":"Festi","timestamp":"2025-09-02T08:21:12Z","comment":"Die Seite wurde neu angelegt: \u201e* Anwesende Personen: 5 * Beginn: ca. 19:42 Uhr * Ende: ~21:00 Uhr * Protokoll: ffesti * Moderation: p.t.flea  ==== Themen ==== * Lost and Found Rotation ** xA\u2026\u201c"},{"logid":8931,"ns":100,"title":"Blog:Backspace blog/Ferienprogramm2025-Microcontroller","pageid":2571,"logpage":2571,"revid":11811,"params":{},"type":"create","action":"create","user":"Festi","timestamp":"2025-08-05T19:28:07Z","comment":"Die Seite wurde neu angelegt: \u201eAuch diese Jahr bieten wir wieder Aktionen im Rahmen des [https://buchung.ferienportal-bamberg.de/programme/ferienprogrammbamberg/veranstaltungen Ferienprogram\u2026\u201c"}]}}

Die Seite wurde neu angelegt: „Am Samstag, den 28. März, öffnet der Bamberger Hackspace „backspace e. V.“ von 13:37 bis mindestens 20:00 Uhr seine Türen im Spiegelgraben 41. Dabei besteht die Möglichkeit, die Räumlichkeiten und Aktionen des Hackspaces kennenzulernen. Neben 3D-Druck und Lasercutting stellt der backspace dort eigene Projekte vor und bietet Workshops zum Löten und Programmieren von Mikrocontrollern an. Zusätzlich können Virtual-Reality- und Retro-Spiele auspro…“
